{"id":107,"date":"2018-09-26T22:34:09","date_gmt":"2018-09-26T20:34:09","guid":{"rendered":"http:\/\/paradisdesanges.fr\/?page_id=107"},"modified":"2024-01-06T16:48:26","modified_gmt":"2024-01-06T15:48:26","slug":"le-salon","status":"publish","type":"page","link":"https:\/\/paradisdesanges.fr\/?page_id=107","title":{"rendered":"Le Salon"},"content":{"rendered":"\n<blockquote>\n<h1 style=\"text-align: justify;\"><strong><span style=\"font-size: 14pt;\">Alexandra Herluison a d\u00e9but\u00e9 dans le salon \u00ab\u00a0Dade Coiffure Familiale\u00a0\u00bb et a continu\u00e9 son exp\u00e9rience \u00e0 Paris dans la maison \u00ab\u00a0Dessange\u00a0\u00bb pendant 10 ans en tant que coloriste.<\/span><\/strong><\/h1>\n<\/blockquote>\n\n\n\nngg_shortcode_0_placeholder\n\n\n<p style=\"text-align: justify;\"><span class=\"w8qArf\"><img loading=\"lazy\" decoding=\"async\" class=\"alignnone wp-image-997 size-full\" src=\"https:\/\/paradisdesanges.fr\/wp-content\/uploads\/2020\/09\/s2021.jpg\" alt=\"\" width=\"880\" height=\"405\" srcset=\"https:\/\/paradisdesanges.fr\/wp-content\/uploads\/2020\/09\/s2021.jpg 880w, https:\/\/paradisdesanges.fr\/wp-content\/uploads\/2020\/09\/s2021-300x138.jpg 300w, https:\/\/paradisdesanges.fr\/wp-content\/uploads\/2020\/09\/s2021-768x353.jpg 768w\" sizes=\"auto, (max-width: 880px) 100vw, 880px\" \/><\/span><\/p>\n<p style=\"text-align: justify;\"><span class=\"w8qArf\"><span style=\"font-size: 14pt;\">Je vous propose des conseils personnalis\u00e9s pour trouver la coupe adapt\u00e9e \u00e0 votre style.<\/span><\/span><span style=\"font-size: 14pt;\"> Mon salon de coiffure vous ouvre ses portes pour une s\u00e9ance d\u00e9di\u00e9e \u00e0 vos cheveux. Le cadre intimiste et agr\u00e9able de votre salon Paradis des Anges vous permettra de vous livrer en toute confiance aux mains expertes des mes comp\u00e9tences professionnelles.<\/span><\/p>\n\n\nngg_shortcode_1_placeholder\n\n\n","protected":false},"excerpt":{"rendered":"<p>Alexandra Herluison a d\u00e9but\u00e9 dans le salon \u00ab\u00a0Dade Coiffure Familiale\u00a0\u00bb et a continu\u00e9 son exp\u00e9rience \u00e0 Paris dans la maison \u00ab\u00a0Dessange\u00a0\u00bb pendant 10 ans en tant que coloriste. Je vous propose des conseils personnalis\u00e9s pour trouver la coupe adapt\u00e9e \u00e0 votre style. Mon salon de coiffure vous ouvre ses portes pour une s\u00e9ance d\u00e9di\u00e9e \u00e0&hellip; <\/p>\n","protected":false},"author":1,"featured_media":0,"parent":0,"menu_order":0,"comment_status":"closed","ping_status":"closed","template":"","meta":{"ngg_post_thumbnail":0,"footnotes":""},"class_list":["post-107","page","type-page","status-publish","hentry"],"_links":{"self":[{"href":"https:\/\/paradisdesanges.fr\/index.php?rest_route=\/wp\/v2\/pages\/107","targetHints":{"allow":["GET"]}}],"collection":[{"href":"https:\/\/paradisdesanges.fr\/index.php?rest_route=\/wp\/v2\/pages"}],"about":[{"href":"https:\/\/paradisdesanges.fr\/index.php?rest_route=\/wp\/v2\/types\/page"}],"author":[{"embeddable":true,"href":"https:\/\/paradisdesanges.fr\/index.php?rest_route=\/wp\/v2\/users\/1"}],"replies":[{"embeddable":true,"href":"https:\/\/paradisdesanges.fr\/index.php?rest_route=%2Fwp%2Fv2%2Fcomments&post=107"}],"version-history":[{"count":68,"href":"https:\/\/paradisdesanges.fr\/index.php?rest_route=\/wp\/v2\/pages\/107\/revisions"}],"predecessor-version":[{"id":1196,"href":"https:\/\/paradisdesanges.fr\/index.php?rest_route=\/wp\/v2\/pages\/107\/revisions\/1196"}],"wp:attachment":[{"href":"https:\/\/paradisdesanges.fr\/index.php?rest_route=%2Fwp%2Fv2%2Fmedia&parent=107"}],"curies":[{"name":"wp","href":"https:\/\/api.w.org\/{rel}","templated":true}]}}